{"id":411,"date":"2015-07-13T14:40:39","date_gmt":"2015-07-13T14:40:39","guid":{"rendered":"http:\/\/feuerwehr-nahe.de\/ffnahe\/?page_id=411"},"modified":"2026-04-20T15:16:24","modified_gmt":"2026-04-20T15:16:24","slug":"home","status":"publish","type":"page","link":"https:\/\/feuerwehr-nahe.de\/ffnahe\/","title":{"rendered":"Willkommen auf der Seite der Freiwilligen Feuerwehr Nahe"},"content":{"rendered":"<h3><img loading=\"lazy\" decoding=\"async\" class=\"aligncenter wp-image-5609 size-full\" src=\"https:\/\/feuerwehr-nahe.de\/ffnahe\/wp-content\/uploads\/2026\/04\/GRILL-PLAKAT_2026.gif\" alt=\"\" width=\"600\" height=\"850\" \/><\/h3>\n<h3 style=\"text-align: center;\"><strong style=\"color: revert; font-size: revert;\">Wir sind <span style=\"text-decoration: underline;\">immer<\/span> f\u00fcr sie da, wenn Sie uns brauchen.<\/strong><\/h3>\n<p style=\"text-align: left;\">Aber leider gibt es Situationen, wo auch wir Hilfe brauchen.<\/p>\n<p style=\"text-align: left;\">Fast alle Feuerwehren haben Nachwuchssorgen. Auch wir sind st\u00e4ndig auf der Suche nach interessierten Mitmenschen die bereit sind in einem professionell arbeitendem Team mitzuwirken, Verantwortung f\u00fcr ihre Mitb\u00fcrger zu \u00fcbernehmen und sich ehrenamtlich engagieren wollen.<\/p>\n<p style=\"text-align: left;\">Wir suchen Frauen und M\u00e4nner, die aktiv am Feuerwehrdienst teilnehmen und einer vielseitigen, abwechslungsreichen und ausgefallenen Freizeitbesch\u00e4ftigung nachgehen m\u00f6chten. Wer Interesse an einer ehrenamtlichen T\u00e4tigkeit hat, wer anderen helfen und sich in einer Gemeinschaft engagieren m\u00f6chte, wer sich weiter bilden und Verantwortung \u00fcbernehmen m\u00f6chte, ist bei der Freiwilligen Feuerwehr gern gesehen.<\/p>\n<p style=\"text-align: center;\"><img loading=\"lazy\" decoding=\"async\" class=\"aligncenter wp-image-1590 size-large\" src=\"https:\/\/feuerwehr-nahe.de\/ffnahe\/wp-content\/uploads\/2015\/10\/IMG_8838-1024x683.jpg\" alt=\"\" width=\"720\" height=\"480\" srcset=\"https:\/\/feuerwehr-nahe.de\/ffnahe\/wp-content\/uploads\/2015\/10\/IMG_8838-1024x683.jpg 1024w, https:\/\/feuerwehr-nahe.de\/ffnahe\/wp-content\/uploads\/2015\/10\/IMG_8838-300x200.jpg 300w\" sizes=\"auto, (max-width: 720px) 100vw, 720px\" \/><\/p>\n<p><strong>Voraussetzungen f\u00fcr eine aktive Mitgliedschaft<\/strong><\/p>\n<ul>\n<li>Mindestalter 18 Jahre<\/li>\n<li>sowie die k\u00f6rperliche und geistige Eignung f\u00fcr den Feuerwehrdient<\/li>\n<\/ul>\n<p><strong>Die Freiwillige Feuerwehr Nahe bietet Ihnen als aktives Mitglied<\/strong><\/p>\n<ul>\n<li>eine hervorragende Ausbildung zum Feuerwehrmann bzw. zur Feuerwehrfrau durch Lehrg\u00e4nge auf Stadt-, Kreis- und Landesebene<\/li>\n<li>gute Aufstiegschancen<\/li>\n<li>viel Kameradschaft<\/li>\n<\/ul>\n<p><strong>Wir erwarten<\/strong><\/p>\n<ul>\n<li>regelm\u00e4\u00dfige Teilnahme an den Dienstveranstaltungen<\/li>\n<li>die Bereitschaft, die Ausbildung zum Feuerwehrmann beziehungsweise zur Feuerwehrfrau zu absolvieren und sich auf Lehrg\u00e4ngen weiterzubilden<\/li>\n<li>um dann so oft und so schnell wie m\u00f6glich nach der Alarmierung zu Eins\u00e4tzen zu erscheinen<\/li>\n<\/ul>\n<p><strong>Weiterer Internetauftritt!<\/strong><\/p>\n<p>Uns gibt es jetzt auch auf <a href=\"https:\/\/www.instagram.com\/ff_nahe?utm_source=ig_web_button_share_sheet&amp;igsh=ZDNlZDc0MzIxNw==\">Instagram<\/a><\/p>\n","protected":false},"excerpt":{"rendered":"<p>Wir sind immer f\u00fcr sie da, wenn Sie uns brauchen. Aber leider gibt es Situationen, wo auch wir Hilfe brauchen. Fast alle Feuerwehren haben Nachwuchssorgen. Auch wir sind st\u00e4ndig auf der Suche nach interessierten Mitmenschen die bereit sind in einem professionell arbeitendem Team mitzuwirken, Verantwortung f\u00fcr ihre Mitb\u00fcrger zu \u00fcbernehmen und sich ehrenamtlich engagieren wollen. [&hellip;]<\/p>\n","protected":false},"author":2,"featured_media":0,"parent":0,"menu_order":0,"comment_status":"closed","ping_status":"closed","template":"","meta":{"footnotes":""},"class_list":["post-411","page","type-page","status-publish","hentry"],"_links":{"self":[{"href":"https:\/\/feuerwehr-nahe.de\/ffnahe\/wp-json\/wp\/v2\/pages\/411","targetHints":{"allow":["GET"]}}],"collection":[{"href":"https:\/\/feuerwehr-nahe.de\/ffnahe\/wp-json\/wp\/v2\/pages"}],"about":[{"href":"https:\/\/feuerwehr-nahe.de\/ffnahe\/wp-json\/wp\/v2\/types\/page"}],"author":[{"embeddable":true,"href":"https:\/\/feuerwehr-nahe.de\/ffnahe\/wp-json\/wp\/v2\/users\/2"}],"replies":[{"embeddable":true,"href":"https:\/\/feuerwehr-nahe.de\/ffnahe\/wp-json\/wp\/v2\/comments?post=411"}],"version-history":[{"count":54,"href":"https:\/\/feuerwehr-nahe.de\/ffnahe\/wp-json\/wp\/v2\/pages\/411\/revisions"}],"predecessor-version":[{"id":5611,"href":"https:\/\/feuerwehr-nahe.de\/ffnahe\/wp-json\/wp\/v2\/pages\/411\/revisions\/5611"}],"wp:attachment":[{"href":"https:\/\/feuerwehr-nahe.de\/ffnahe\/wp-json\/wp\/v2\/media?parent=411"}],"curies":[{"name":"wp","href":"https:\/\/api.w.org\/{rel}","templated":true}]}}