{"id":34,"date":"2015-07-05T17:29:48","date_gmt":"2015-07-05T17:29:48","guid":{"rendered":"http:\/\/feuerwehr-nahe.de\/ffnahe\/?page_id=34"},"modified":"2026-04-19T15:42:42","modified_gmt":"2026-04-19T15:42:42","slug":"34-2","status":"publish","type":"page","link":"https:\/\/feuerwehr-nahe.de\/ffnahe\/34-2\/","title":{"rendered":"Historie"},"content":{"rendered":"<p align=\"left\"><b><span style=\"font-size: large;\"><br \/><a href=\"#Das 1.Ger\u00e4tehaus\">Das 1.Ger\u00e4tehaus<\/a><\/span><\/b><\/p>\n<p align=\"left\"><b><span style=\"font-size: large;\"><a href=\"#Richtfest des Ger\u00e4tehauses M\u00fchlensta\u00dfe\">Richtfest des Ger\u00e4tehauses<br \/>M\u00fchlensta\u00dfe<\/a><\/span><\/b><\/p>\n<p align=\"left\"><b><span style=\"font-size: large;\"><a href=\"#Die Gr\u00f6\u00dften Eins\u00e4tze\">Die gr\u00f6\u00dften Eins\u00e4tze<\/a><\/span><\/b><\/p>\n<p align=\"left\"><b><span style=\"font-size: large;\"><a href=\"#\u00dcbergabe der Fahrzeuge\">\u00dcbergabe der<br \/>Fahrzeuge<\/a><\/span><\/b><\/p>\n<p align=\"left\"><b><span style=\"font-size: large;\"><a href=\"#Bislang eingesetzte Fahrzeuge\">Bislang eingesetzte Fahrzeuge<\/a><\/span><\/b><\/p>\n<p align=\"center\"><b><span style=\"font-size: medium;\"><a name=\"Das 1.Ger\u00e4tehaus\"><\/a>Das 1.Ger\u00e4tehaus<\/span><\/b><\/p>\n<p align=\"center\"><a href=\"https:\/\/feuerwehr-nahe.de\/ffnahe\/wp-content\/uploads\/2015\/07\/1_garaetehaus.gif\"><img loading=\"lazy\" decoding=\"async\" class=\"alignnone size-medium wp-image-35\" src=\"https:\/\/feuerwehr-nahe.de\/ffnahe\/wp-content\/uploads\/2015\/07\/1_garaetehaus-300x202.gif\" alt=\"1_garaetehaus\" width=\"300\" height=\"202\" \/><\/a><\/p>\n<p align=\"center\">Das erste Ger\u00e4tehaus der Freiwilligen Feuerwehr Nahe befand<br \/>sich<\/p>\n<p>H\u00fcttkahlen Ecke Wakendorfer Stra\u00dfe<\/p>\n<p align=\"center\"><span style=\"font-size: medium;\"><b><br \/><a name=\"Richtfest des Ger\u00e4tehauses M\u00fchlensta\u00dfe\"><\/a>Richtfest des Ger\u00e4tehauses<br \/>M\u00fchlensta\u00dfe<br \/><a href=\"https:\/\/feuerwehr-nahe.de\/ffnahe\/wp-content\/uploads\/2015\/07\/geraetehaus22041974.gif\"><img loading=\"lazy\" decoding=\"async\" class=\"alignnone size-medium wp-image-45\" src=\"https:\/\/feuerwehr-nahe.de\/ffnahe\/wp-content\/uploads\/2015\/07\/geraetehaus22041974-300x197.gif\" alt=\"geraetehaus22041974\" width=\"300\" height=\"197\" \/><\/a><br \/><\/b><\/span><\/p>\n<p align=\"center\">Richtfest neues Ger\u00e4tehaus am 22.04.1974<\/p>\n<p align=\"center\"><b><span style=\"font-size: medium;\">Die Gr\u00f6\u00dften Eins\u00e4tze<\/span><\/b><\/p>\n<p align=\"center\">16.03.1983 Gro\u00dffeuer &#8222;Gasthaus Naher M\u00fchle&#8220;<br \/>Nahe Segeberger Stra\u00dfe<\/p>\n<div id='gallery-1' class='gallery galleryid-34 gallery-columns-3 gallery-size-thumbnail'><figure class='gallery-item'>\n\t\t\t<div class='gallery-icon landscape'>\n\t\t\t\t<a href='https:\/\/feuerwehr-nahe.de\/ffnahe\/34-2\/b18081988\/'><img loading=\"lazy\" decoding=\"async\" width=\"150\" height=\"150\" src=\"https:\/\/feuerwehr-nahe.de\/ffnahe\/wp-content\/uploads\/2015\/07\/b18081988-150x150.gif\" class=\"attachment-thumbnail size-thumbnail\" alt=\"\" \/><\/a>\n\t\t\t<\/div><\/figure><figure class='gallery-item'>\n\t\t\t<div class='gallery-icon landscape'>\n\t\t\t\t<a href='https:\/\/feuerwehr-nahe.de\/ffnahe\/34-2\/b16031983_1\/'><img loading=\"lazy\" decoding=\"async\" width=\"150\" height=\"150\" src=\"https:\/\/feuerwehr-nahe.de\/ffnahe\/wp-content\/uploads\/2015\/07\/b16031983_1-150x150.gif\" class=\"attachment-thumbnail size-thumbnail\" alt=\"\" \/><\/a>\n\t\t\t<\/div><\/figure><figure class='gallery-item'>\n\t\t\t<div class='gallery-icon landscape'>\n\t\t\t\t<a href='https:\/\/feuerwehr-nahe.de\/ffnahe\/34-2\/b16031983\/'><img loading=\"lazy\" decoding=\"async\" width=\"150\" height=\"150\" src=\"https:\/\/feuerwehr-nahe.de\/ffnahe\/wp-content\/uploads\/2015\/07\/b16031983-150x150.gif\" class=\"attachment-thumbnail size-thumbnail\" alt=\"\" \/><\/a>\n\t\t\t<\/div><\/figure><figure class='gallery-item'>\n\t\t\t<div class='gallery-icon landscape'>\n\t\t\t\t<a href='https:\/\/feuerwehr-nahe.de\/ffnahe\/34-2\/b18081988_1\/'><img loading=\"lazy\" decoding=\"async\" width=\"150\" height=\"150\" src=\"https:\/\/feuerwehr-nahe.de\/ffnahe\/wp-content\/uploads\/2015\/07\/b18081988_1-150x150.gif\" class=\"attachment-thumbnail size-thumbnail\" alt=\"\" \/><\/a>\n\t\t\t<\/div><\/figure><figure class='gallery-item'>\n\t\t\t<div class='gallery-icon landscape'>\n\t\t\t\t<a href='https:\/\/feuerwehr-nahe.de\/ffnahe\/34-2\/b18081988_2\/'><img loading=\"lazy\" decoding=\"async\" width=\"150\" height=\"150\" src=\"https:\/\/feuerwehr-nahe.de\/ffnahe\/wp-content\/uploads\/2015\/07\/b18081988_2-150x150.gif\" class=\"attachment-thumbnail size-thumbnail\" alt=\"\" \/><\/a>\n\t\t\t<\/div><\/figure>\n\t\t<\/div>\n\n<p>\u00a0<\/p>\n<p style=\"text-align: center;\" align=\"left\">20.02.1998 Brand einer kombinierten Lagerhalle und einem Pferdestall in Kayhude<\/p>\n<p style=\"text-align: left;\" align=\"left\"><i>Quelle Text\/Bilder: Anzeiger 42\/3-98<\/i><\/p>\n<div id='gallery-2' class='gallery galleryid-34 gallery-columns-3 gallery-size-thumbnail'><figure class='gallery-item'>\n\t\t\t<div class='gallery-icon landscape'>\n\t\t\t\t<a href='https:\/\/feuerwehr-nahe.de\/ffnahe\/34-2\/b20021998_3\/'><img loading=\"lazy\" decoding=\"async\" width=\"150\" height=\"150\" src=\"https:\/\/feuerwehr-nahe.de\/ffnahe\/wp-content\/uploads\/2015\/07\/b20021998_3-150x150.gif\" class=\"attachment-thumbnail size-thumbnail\" alt=\"\" \/><\/a>\n\t\t\t<\/div><\/figure><figure class='gallery-item'>\n\t\t\t<div class='gallery-icon landscape'>\n\t\t\t\t<a href='https:\/\/feuerwehr-nahe.de\/ffnahe\/34-2\/b20021998\/'><img loading=\"lazy\" decoding=\"async\" width=\"150\" height=\"150\" src=\"https:\/\/feuerwehr-nahe.de\/ffnahe\/wp-content\/uploads\/2015\/07\/b20021998-150x150.gif\" class=\"attachment-thumbnail size-thumbnail\" alt=\"\" \/><\/a>\n\t\t\t<\/div><\/figure><figure class='gallery-item'>\n\t\t\t<div class='gallery-icon landscape'>\n\t\t\t\t<a href='https:\/\/feuerwehr-nahe.de\/ffnahe\/34-2\/b20021998_1\/'><img loading=\"lazy\" decoding=\"async\" width=\"150\" height=\"150\" src=\"https:\/\/feuerwehr-nahe.de\/ffnahe\/wp-content\/uploads\/2015\/07\/b20021998_1-150x150.gif\" class=\"attachment-thumbnail size-thumbnail\" alt=\"\" \/><\/a>\n\t\t\t<\/div><\/figure><figure class='gallery-item'>\n\t\t\t<div class='gallery-icon landscape'>\n\t\t\t\t<a href='https:\/\/feuerwehr-nahe.de\/ffnahe\/34-2\/b20021998_2\/'><img loading=\"lazy\" decoding=\"async\" width=\"150\" height=\"150\" src=\"https:\/\/feuerwehr-nahe.de\/ffnahe\/wp-content\/uploads\/2015\/07\/b20021998_2-150x150.gif\" class=\"attachment-thumbnail size-thumbnail\" alt=\"\" \/><\/a>\n\t\t\t<\/div><\/figure>\n\t\t<\/div>\n\n<p><!--webbot bot=\"PhotoAlbum\" U-Include=\"photogallery\/photo28565\/real.htm\" clientside TAG=\"BODY\" --><\/p>\n<table  class=\" table table-hover\" style=\"border-collapse: collapse; border-width: 0;\" border=\"1\" width=\"800\" cellspacing=\"0\" cellpadding=\"0\">\n<tbody>\n<tr>\n<td style=\"border-style: none; border-width: medium;\" width=\"8%\">Bericht :<\/td>\n<\/tr>\n<\/tbody>\n<\/table>\n<p>\u00a0<\/p>\n<p align=\"left\">Mehr als 150 Feuerwehrleute der Gemeindewehren im Amt Itzstedt sowie<br \/>Wakendorf II<\/p>\n<p>haben Kayhude vor einer Katastrophe bewart. Einem Feuer, das in der Nacht zum 20.<br \/>Februar in<\/p>\n<p>einer<br \/>kombinierten Lagerhalle und einem Pferdestall in der Segebergerstra\u00dfe ausbrach,<br \/>folgten<\/p>\n<p>schon<br \/>bald nacheinander sechs schwere Explosionen. Gelagerte Acetylenflaschen flogen<br \/>in die<\/p>\n<p>Luft.<br \/>Vorsicht war geboten. W\u00e4hrend sich die Wehren bem\u00fchten, mit entsprechendem<\/p>\n<p>Sicherheitsabstand das Feuer mit Strahlrohren zu bek\u00e4mpfen, wurden die direkten<br \/>Nachbarn der<\/p>\n<p>Brandstelle evakuiert und vorerst im Gemeindezentrum untergebracht. Die<br \/>Gefahrenstelle mu\u00dfte<\/p>\n<p>weitr\u00e4umig f\u00fcr jeden Verkehr mehr als zw\u00f6lf Stunden gesperrt werden. Niemand wu\u00dfte zun\u00e4chst,<\/p>\n<p>wieviele Flaschen einer Rohrverlegefirma noch in den Flammen aufgeheizt werden<br \/>konnten, um zu<\/p>\n<p>sp\u00e4terer Zeit wie Bomben zu explodieren. Gl\u00fccklicherweise trat dieser Fall nicht<br \/>ein. W\u00e4hrend sich<\/p>\n<p>Landrat<br \/>Georg Gorrissen \u00fcber den Schaden informierte, leistete Kreiswehrf\u00fchrer Walter<br \/>Burmeister<\/p>\n<p>seinem Kayhuder Wehrf\u00fchrer Dieter Stoffers, angesichts der besonderen Lage<br \/>Kameradschaftshilfe<\/p>\n<p>bei der<br \/>Leitung. Im Laufe der Nacht konnten die Flammen einged\u00e4mmt werden. Jetzt hie\u00df<br \/>es, die<\/p>\n<p>restlichen Flaschen zu bergen und zu k\u00fchlen. Kayhudes B\u00fcrgermeister Ludwig<br \/>Rothenberg beruhigte<\/p>\n<p>die<br \/>Evakuierten, w\u00e4hrend DRK-Helfer aus Kaltenkirchen und Henstedt-Ulzburg bei der<br \/>Versorgung<\/p>\n<p>halfen.<br \/>Verletzt wurde niemand. Die im Stall untergebrachten Pferde konnten noch<br \/>rechtzeitig auf<\/p>\n<p>die<br \/>Weide getrieben werden. den Sachschaden bezifferte die Kripo Bad Segeberg mit<br \/>bis zu<\/p>\n<p>200 000<br \/>DM.<\/p>\n<p>\u00a0<\/p>\n<p>\u00a0<\/p>\n<p align=\"center\"><b><span style=\"font-size: medium;\"><a name=\"\u00dcbergabe der Fahrzeuge\"><\/a>\u00dcbergabe der Fahrzeuge<\/span><\/b><\/p>\n<p><!--webbot bot=\"PhotoAlbum\" U-Include=\"photogallery\/photo18970\/real.htm\" clientside TAG=\"BODY\" --><\/p>\n<p style=\"text-align: center;\">\u00a0<img loading=\"lazy\" decoding=\"async\" class=\"alignnone size-medium wp-image-46\" src=\"https:\/\/feuerwehr-nahe.de\/ffnahe\/wp-content\/uploads\/2015\/07\/lf8_04121993-300x203.gif\" alt=\"lf8_04121993\" width=\"300\" height=\"203\" \/> <img loading=\"lazy\" decoding=\"async\" class=\"alignnone size-medium wp-image-47\" src=\"https:\/\/feuerwehr-nahe.de\/ffnahe\/wp-content\/uploads\/2015\/07\/lf16_27021981-300x203.gif\" alt=\"lf16_27021981\" width=\"300\" height=\"203\" \/> <img loading=\"lazy\" decoding=\"async\" class=\"aligncenter size-medium wp-image-98\" src=\"https:\/\/feuerwehr-nahe.de\/ffnahe\/wp-content\/uploads\/2015\/07\/Bild-004-300x225.jpg\" alt=\"Bild 004\" width=\"300\" height=\"225\" srcset=\"https:\/\/feuerwehr-nahe.de\/ffnahe\/wp-content\/uploads\/2015\/07\/Bild-004-300x225.jpg 300w, https:\/\/feuerwehr-nahe.de\/ffnahe\/wp-content\/uploads\/2015\/07\/Bild-004-1024x768.jpg 1024w\" sizes=\"auto, (max-width: 300px) 100vw, 300px\" \/><\/p>\n<p style=\"text-align: center;\" align=\"center\"><b><span style=\"font-size: large;\"><a name=\"Bislang eingesetzte Fahrzeuge\"><\/a><br \/>Bislang eingesetzte Fahrzeuge<\/span><\/b><\/p>\n<div id='gallery-3' class='gallery galleryid-34 gallery-columns-2 gallery-size-medium'><figure class='gallery-item'>\n\t\t\t<div class='gallery-icon landscape'>\n\t\t\t\t<a href='https:\/\/feuerwehr-nahe.de\/ffnahe\/34-2\/lf15\/'><img loading=\"lazy\" decoding=\"async\" width=\"300\" height=\"191\" src=\"https:\/\/feuerwehr-nahe.de\/ffnahe\/wp-content\/uploads\/2015\/07\/LF15-300x191.gif\" class=\"attachment-medium size-medium\" alt=\"\" aria-describedby=\"gallery-3-50\" \/><\/a>\n\t\t\t<\/div>\n\t\t\t\t<figcaption class='wp-caption-text gallery-caption' id='gallery-3-50'>\n\t\t\t\tLF15\n\t\t\t\t<\/figcaption><\/figure><figure class='gallery-item'>\n\t\t\t<div class='gallery-icon landscape'>\n\t\t\t\t<a href='https:\/\/feuerwehr-nahe.de\/ffnahe\/34-2\/opel-blitz\/'><img loading=\"lazy\" decoding=\"async\" width=\"300\" height=\"175\" src=\"https:\/\/feuerwehr-nahe.de\/ffnahe\/wp-content\/uploads\/2015\/07\/opel-blitz-300x175.gif\" class=\"attachment-medium size-medium\" alt=\"\" aria-describedby=\"gallery-3-48\" \/><\/a>\n\t\t\t<\/div>\n\t\t\t\t<figcaption class='wp-caption-text gallery-caption' id='gallery-3-48'>\n\t\t\t\tOpel-Blitz\n\t\t\t\t<\/figcaption><\/figure><figure class='gallery-item'>\n\t\t\t<div class='gallery-icon landscape'>\n\t\t\t\t<a href='https:\/\/feuerwehr-nahe.de\/ffnahe\/34-2\/ffn1-2\/'><img loading=\"lazy\" decoding=\"async\" width=\"300\" height=\"184\" src=\"https:\/\/feuerwehr-nahe.de\/ffnahe\/wp-content\/uploads\/2015\/07\/FFN1-300x184.jpg\" class=\"attachment-medium size-medium\" alt=\"\" aria-describedby=\"gallery-3-1533\" \/><\/a>\n\t\t\t<\/div>\n\t\t\t\t<figcaption class='wp-caption-text gallery-caption' id='gallery-3-1533'>\n\t\t\t\tLF16\n\t\t\t\t<\/figcaption><\/figure><figure class='gallery-item'>\n\t\t\t<div class='gallery-icon landscape'>\n\t\t\t\t<a href='https:\/\/feuerwehr-nahe.de\/ffnahe\/34-2\/img_4578\/'><img loading=\"lazy\" decoding=\"async\" width=\"300\" height=\"200\" src=\"https:\/\/feuerwehr-nahe.de\/ffnahe\/wp-content\/uploads\/2015\/07\/IMG_4578-300x200.jpg\" class=\"attachment-medium size-medium\" alt=\"\" aria-describedby=\"gallery-3-100\" srcset=\"https:\/\/feuerwehr-nahe.de\/ffnahe\/wp-content\/uploads\/2015\/07\/IMG_4578-300x200.jpg 300w, https:\/\/feuerwehr-nahe.de\/ffnahe\/wp-content\/uploads\/2015\/07\/IMG_4578-1024x683.jpg 1024w\" sizes=\"auto, (max-width: 300px) 100vw, 300px\" \/><\/a>\n\t\t\t<\/div>\n\t\t\t\t<figcaption class='wp-caption-text gallery-caption' id='gallery-3-100'>\n\t\t\t\tELW\n\t\t\t\t<\/figcaption><\/figure><figure class='gallery-item'>\n\t\t\t<div class='gallery-icon landscape'>\n\t\t\t\t<a href='https:\/\/feuerwehr-nahe.de\/ffnahe\/hlf-2016\/dsc06406\/'><img loading=\"lazy\" decoding=\"async\" width=\"300\" height=\"200\" src=\"https:\/\/feuerwehr-nahe.de\/ffnahe\/wp-content\/uploads\/2021\/09\/DSC06406-300x200.jpg\" class=\"attachment-medium size-medium\" alt=\"\" aria-describedby=\"gallery-3-3461\" srcset=\"https:\/\/feuerwehr-nahe.de\/ffnahe\/wp-content\/uploads\/2021\/09\/DSC06406-300x200.jpg 300w, https:\/\/feuerwehr-nahe.de\/ffnahe\/wp-content\/uploads\/2021\/09\/DSC06406-1024x682.jpg 1024w, https:\/\/feuerwehr-nahe.de\/ffnahe\/wp-content\/uploads\/2021\/09\/DSC06406-768x511.jpg 768w, https:\/\/feuerwehr-nahe.de\/ffnahe\/wp-content\/uploads\/2021\/09\/DSC06406-1536x1022.jpg 1536w, https:\/\/feuerwehr-nahe.de\/ffnahe\/wp-content\/uploads\/2021\/09\/DSC06406-2048x1363.jpg 2048w\" sizes=\"auto, (max-width: 300px) 100vw, 300px\" \/><\/a>\n\t\t\t<\/div>\n\t\t\t\t<figcaption class='wp-caption-text gallery-caption' id='gallery-3-3461'>\n\t\t\t\tKatastrophenschutz RW1\n\t\t\t\t<\/figcaption><\/figure>\n\t\t<\/div>\n\n<p><!--webbot bot=\"PhotoAlbum\" U-Include=\"photogallery\/photo041\/real.htm\" clientside TAG=\"BODY\" --><\/p>\n\n\n<p><\/p>\n","protected":false},"excerpt":{"rendered":"<p>Das 1.Ger\u00e4tehaus Richtfest des Ger\u00e4tehausesM\u00fchlensta\u00dfe Die gr\u00f6\u00dften Eins\u00e4tze \u00dcbergabe derFahrzeuge Bislang eingesetzte Fahrzeuge Das 1.Ger\u00e4tehaus Das erste Ger\u00e4tehaus der Freiwilligen Feuerwehr Nahe befandsich H\u00fcttkahlen Ecke Wakendorfer Stra\u00dfe Richtfest des Ger\u00e4tehausesM\u00fchlensta\u00dfe Richtfest neues Ger\u00e4tehaus am 22.04.1974 Die Gr\u00f6\u00dften Eins\u00e4tze 16.03.1983 Gro\u00dffeuer &#8222;Gasthaus Naher M\u00fchle&#8220;Nahe Segeberger Stra\u00dfe \u00a0 20.02.1998 Brand einer kombinierten Lagerhalle und einem Pferdestall in [&hellip;]<\/p>\n","protected":false},"author":2,"featured_media":0,"parent":0,"menu_order":6,"comment_status":"closed","ping_status":"closed","template":"","meta":{"footnotes":""},"class_list":["post-34","page","type-page","status-publish","hentry"],"_links":{"self":[{"href":"https:\/\/feuerwehr-nahe.de\/ffnahe\/wp-json\/wp\/v2\/pages\/34","targetHints":{"allow":["GET"]}}],"collection":[{"href":"https:\/\/feuerwehr-nahe.de\/ffnahe\/wp-json\/wp\/v2\/pages"}],"about":[{"href":"https:\/\/feuerwehr-nahe.de\/ffnahe\/wp-json\/wp\/v2\/types\/page"}],"author":[{"embeddable":true,"href":"https:\/\/feuerwehr-nahe.de\/ffnahe\/wp-json\/wp\/v2\/users\/2"}],"replies":[{"embeddable":true,"href":"https:\/\/feuerwehr-nahe.de\/ffnahe\/wp-json\/wp\/v2\/comments?post=34"}],"version-history":[{"count":8,"href":"https:\/\/feuerwehr-nahe.de\/ffnahe\/wp-json\/wp\/v2\/pages\/34\/revisions"}],"predecessor-version":[{"id":5607,"href":"https:\/\/feuerwehr-nahe.de\/ffnahe\/wp-json\/wp\/v2\/pages\/34\/revisions\/5607"}],"wp:attachment":[{"href":"https:\/\/feuerwehr-nahe.de\/ffnahe\/wp-json\/wp\/v2\/media?parent=34"}],"curies":[{"name":"wp","href":"https:\/\/api.w.org\/{rel}","templated":true}]}}